e highest common divisor of 32 and 144?
16
Calculate the highest common divisor of 10 and 1490.
10
Calculate the greatest common divisor of 5767 and 219.
73
What is the highest common factor of 22985 and 5?
5
What is the greatest common divisor of 28 and 812?
28
What is the highest common factor of 35 and 2065?
35
What is the greatest common factor of 1921 and 226?
113
Calculate the greatest common factor of 10590 and 10.
10
What is the highest common divisor of 65 and 10?
5
Calculate the highest common divisor of 156 and 48.
12
Calculate the highest common divisor of 14 and 63.
7
What is the highest common factor of 17 and 3893?
17
What is the greatest common factor of 500 and 7250?
250
Calculate the greatest common divisor of 1344 and 128.
64
What is the greatest common divisor of 476 and 98?
14
What is the highest common divisor of 14 and 15491?
7
What is the highest common divisor of 23714 and 284?
142
Calculate the highest common factor of 11 and 187.
11
What is the greatest common divisor of 702 and 366?
6
Calculate the highest common divisor of 1090 and 10.
10
Calculate the greatest common factor of 33 and 198.
33
Calculate the highest common factor of 112 and 6482.
14
Calculate the greatest common divisor of 1833 and 65.
13
What is the highest common divisor of 4698 and 145?
29
Calculate the highest common factor of 97 and 3.
1
Calculate the greatest common divisor of 82 and 123.
41
What is the highest common factor of 825 and 225?
75
Calculate the greatest common factor of 88 and 2101.
11
Calculate the highest common factor of 5330 and 520.
130
Calculate the highest common divisor of 13248 and 2070.
414
Calculate the highest common factor of 72 and 24.
24
What is the highest common divisor of 3 and 1299?
3
What is the greatest common factor of 2064 and 1152?
48
What is the greatest common divisor of 12 and 136?
4
Calculate the greatest common divisor of 51 and 249.
3
What is the highest common divisor of 90 and 90?
90
What is the greatest common factor of 2436 and 4?
4
What is the highest common divisor of 833 and 2107?
49
Calculate the greatest common factor of 28 and 27804.
28
Calculate the highest common factor of 33252 and 102.
102
What is the greatest common factor of 432 and 16?
16
Calculate the highest common divisor of 78 and 104.
26
Calculate the highest common factor of 112 and 21.
7
Calculate the greatest common divisor of 26 and 520.
26
What is the greatest common factor of 15 and 30?
15
Calculate the highest common divisor of 8 and 64.
8
Calculate the greatest common divisor of 390 and 2080.
130
What is the highest common factor of 17 and 25211?
17
Calculate the greatest common divisor of 17586 and 18.
18
Calculate the highest common factor of 36145 and 5.
5
What is the highest common factor of 442 and 429?
13
What is the greatest common divisor of 871 and 201?
67
Calculate the highest common factor of 2499 and 51.
51
Calculate the highest common divisor of 189 and 63.
63
What is the highest common divisor of 34 and 51?
17
What is the highest common factor of 13 and 17771?
13
What is the greatest common divisor of 2223 and 1443?
39
Calculate the highest common divisor of 384 and 1736.
8
What is the highest common divisor of 15793 and 17?
17
Calculate the greatest common factor of 12 and 16.
4
What is the greatest common factor of 80 and 36?
4
What is the greatest common factor of 332 and 747?
83
Calculate the greatest common divisor of 5203 and 1089.
121
What is the greatest common divisor of 88179 and 13?
13
Calculate the highest common divisor of 2 and 40.
2
What is the greatest common factor of 1272 and 264?
24
Calculate the highest common factor of 350 and 50.
50
Calculate the greatest common factor of 3 and 683.
1
Calculate the greatest common factor of 105 and 9465.
15
What is the greatest common factor of 18005 and 130?
65
What is the highest common divisor of 182 and 15414?
14
What is the highest common factor of 425 and 68?
17
What is the highest common factor of 44 and 176?
44
Calculate the highest common factor of 304 and 16.
16
Calculate the highest common divisor of 160 and 64.
32
Calculate the highest common divisor of 2412 and 36.
36
Calculate the greatest common factor of 637 and 104.
13
What is the greatest common divisor of 2774 and 190?
38
What is the greatest common factor of 35 and 115?
5
What is the highest common factor of 26 and 1196?
26
Calculate the highest common divisor of 54 and 378.
54
Calculate the greatest common factor of 3 and 2631.
3
Calculate the greatest common divisor of 21 and 1932.
21
Calculate the greatest common factor of 1696 and 32.
32
What is the highest common factor of 705 and 15?
15
Calculate the greatest common divisor of 918 and 108.
54
Calculate the highest common divisor of 52 and 169.
13
Calculate the greatest common divisor of 448 and 84.
28
What is the highest common factor of 25777 and 173?
173
Calculate the greatest common factor of 888 and 37.
37
Calculate the highest common divisor of 1577 and 152.
19
Calculate the greatest common factor of 24 and 1752.
24
Calculate the highest common divisor of 24 and 138.
6
What is the highest common factor of 446 and 2?
2
What is the highest common divisor of 7049 and 57?
19
Calculate the greatest common divisor of 99 and 2233.
11
What is the highest common factor of 2409 and 132?
33
What is the highest common factor of 11022 and 66?
66
What is the highest common divisor of 51 and 136?
17
What is the greatest common divisor of 28 and 3374?
14
Calculate the greatest common divisor of 10 and 590.
10
What is the highest common factor of 1472 and 138?
46
Calculate the greatest common divisor of 500 and 400.
100
What is the greatest common divisor of 4080 and 714?
102
What is the greatest common divisor of 19 and 323?
19
What is the highest common factor of 9 and 21213?
9
What is the highest common divisor of 1248 and 78?
78
What is the highest common divisor of 244 and 305?
61
What is the greatest common factor of 19887 and 7?
7
What is the highest common divisor of 594 and 22?
22
Calculate the greatest common divisor of 234 and 414.
18
Calculate the greatest common divisor of 836 and 228.
76
What is the greatest common divisor of 102 and 30?
6
What is the highest common divisor of 2442 and 66?
66
What is the greatest common factor of 295 and 118?
59
Calculate the highest common divisor of 880 and 55.
55
Calculate the greatest common factor of 833 and 34.
17
What is the highest common factor of 70 and 3178?
14
What is the highest common factor of 855 and 1800?
45
What is the greatest common factor of 88 and 143?
11
Calculate the greatest common factor of 182 and 112.
14
Calculate the highest common factor of 206 and 3090.
206
What is the greatest common factor of 333 and 11359?
37
What is the highest common divisor of 21 and 14?
7
Calculate the greatest common factor of 4 and 4.
4
Calculate the greatest common factor of 2107 and 49.
49
What is the greatest common factor of 20 and 4535?
5
Calculate the greatest common factor of 10 and 320.
10
Calculate the highest common factor of 6 and 62.
2
What is the highest common divisor of 11 and 77?
11
What is the greatest common divisor of 12 and 24756?
12
Calculate the highest common divisor of 78 and 494.
26
Calculate the highest common factor of 45 and 36.
9
Calculate the greatest common divisor of 215 and 817.
43
What is the greatest common divisor of 7 and 9?
1
Calculate the highest common factor of 112 and 154.
14
What is the highest common factor of 1488 and 36?
12
What is the highest common factor of 3224 and 39?
13
What is the highest common divisor of 2290 and 10?
10
What is the greatest common divisor of 54 and 954?
18
What is the highest common factor of 432 and 378?
54
What is the highest common factor of 14 and 16?
2
What is the highest common factor of 94 and 235?
47
Calculate the greatest common factor of 56 and 119.
7
Calculate the greatest common divisor of 102 and 8007.
51
What is the greatest common divisor of 11 and 682?
11
What is the highest common factor of 36 and 20?
4
What is the greatest common divisor of 20 and 130?
10
Calculate the highest common divisor of 469 and 536.
67
Calculate the greatest common divisor of 122 and 488.
122
What is the highest common 